{"id":482,"date":"2024-03-22T21:41:12","date_gmt":"2024-03-22T21:41:12","guid":{"rendered":"https:\/\/iptvnew.coworkcodesign.com\/?page_id=482"},"modified":"2025-10-31T23:02:44","modified_gmt":"2025-10-31T23:02:44","slug":"erstattungsrichtlinie","status":"publish","type":"page","link":"https:\/\/iptvnew.coworkcodesign.com\/iptvanbieter\/erstattungsrichtlinie\/","title":{"rendered":"Erstattungspolitik"},"content":{"rendered":"<div data-elementor-type=\"wp-page\" data-elementor-id=\"482\" class=\"elementor elementor-482\" data-elementor-post-type=\"page\">\n\t\t\t\t<div data-particle_enable=\"false\" data-particle-mobile-disabled=\"false\" class=\"elementor-element elementor-element-3ba1356 e-flex e-con-boxed e-con e-parent\" data-id=\"3ba1356\" data-element_type=\"container\" data-settings=\"{&quot;background_background&quot;:&quot;classic&quot;}\" data-core-v316-plus=\"true\">\n\t\t\t\t\t<div class=\"e-con-inner\">\n\t\t\t\t<div class=\"elementor-element elementor-element-23693069 elementor-widget elementor-widget-text-editor\" data-id=\"23693069\" data-element_type=\"widget\" data-widget_type=\"text-editor.default\">\n\t\t\t\t<div class=\"elementor-widget-container\">\n\t\t\t<style>\/*! elementor - v3.20.0 - 06-03-2024 *\/\n.elementor-widget-text-editor.elementor-drop-cap-view-stacked .elementor-drop-cap{background-color:#69727d;color:#fff}.elementor-widget-text-editor.elementor-drop-cap-view-framed .elementor-drop-cap{color:#69727d;border:3px solid;background-color:transparent}.elementor-widget-text-editor:not(.elementor-drop-cap-view-default) .elementor-drop-cap{margin-top:8px}.elementor-widget-text-editor:not(.elementor-drop-cap-view-default) .elementor-drop-cap-letter{width:1em;height:1em}.elementor-widget-text-editor .elementor-drop-cap{float:left;text-align:center;line-height:1;font-size:50px}.elementor-widget-text-editor .elementor-drop-cap-letter{display:inline-block}<\/style>\t\t\t\t<p data-start=\"164\" data-end=\"416\">Unter <strong data-start=\"167\" data-end=\"181\">OneClickTV<\/strong>Wir sch\u00e4tzen Ihre Zufriedenheit und bem\u00fchen uns, Ihnen das bestm\u00f6gliche Streaming-Erlebnis zu bieten. Sollten Sie jedoch aus irgendeinem Grund mit Ihrem Abonnement nicht zufrieden sein, bieten wir Ihnen eine klare und einfache R\u00fcckerstattungsregelung - ohne \u00c4rger und Risiko.<\/p>\n<h3 data-start=\"418\" data-end=\"454\"><strong data-start=\"422\" data-end=\"454\">Geld-zur\u00fcck-Garantie-Frist<\/strong><\/h3>\n<ul data-start=\"455\" data-end=\"788\">\n<li data-start=\"455\" data-end=\"567\">\n<p data-start=\"457\" data-end=\"567\"><strong data-start=\"457\" data-end=\"490\">1-Monats- und 3-Monats-Pakete:<\/strong> F\u00f6rderf\u00e4hig f\u00fcr eine <strong data-start=\"506\" data-end=\"536\">7 Tage Geld-zur\u00fcck-Garantie<\/strong> ab dem Datum der Aktivierung.<\/p>\n<\/li>\n<li data-start=\"568\" data-end=\"682\">\n<p data-start=\"570\" data-end=\"682\"><strong data-start=\"570\" data-end=\"604\">6-Monats- und 12-Monats-Pakete:<\/strong> F\u00f6rderf\u00e4hig f\u00fcr eine <strong data-start=\"620\" data-end=\"651\">30 Tage Geld-zur\u00fcck-Garantie<\/strong> ab dem Datum der Aktivierung.<\/p>\n<\/li>\n<li data-start=\"683\" data-end=\"788\">\n<p data-start=\"685\" data-end=\"788\"><strong data-start=\"685\" data-end=\"709\">Verbindung auf Lebenszeit:<\/strong> F\u00f6rderf\u00e4hig f\u00fcr eine <strong data-start=\"725\" data-end=\"757\">100 Tage Geld-zur\u00fcck-Garantie<\/strong> ab dem Datum der Aktivierung.<\/p>\n<\/li>\n<\/ul>\n<h3 data-start=\"790\" data-end=\"821\"><strong data-start=\"794\" data-end=\"821\">Wie Sie eine R\u00fcckerstattung beantragen<\/strong><\/h3>\n<p data-start=\"822\" data-end=\"912\">Um eine R\u00fcckerstattung anzufordern, kontaktieren Sie bitte unser Support-Team \u00fcber eine der folgenden Methoden:<\/p>\n<ul data-start=\"913\" data-end=\"1065\">\n<li data-start=\"913\" data-end=\"946\">\n<p data-start=\"915\" data-end=\"946\"><strong data-start=\"915\" data-end=\"928\">WhatsApp:<\/strong> +44 7532 789713<\/p>\n<\/li>\n<li data-start=\"947\" data-end=\"1027\">\n<p data-start=\"949\" data-end=\"1027\"><strong data-start=\"949\" data-end=\"962\">Telegramm:<\/strong> <a class=\"decorated-link cursor-pointer\" target=\"_new\" rel=\"noopener\" data-start=\"963\" data-end=\"1025\">https:\/\/t.me\/OneclickTVdotnet<\/a><\/p>\n<\/li>\n<li data-start=\"1028\" data-end=\"1065\">\n<p data-start=\"1030\" data-end=\"1065\"><strong data-start=\"1030\" data-end=\"1040\">E-Mail:<\/strong> <a class=\"decorated-link cursor-pointer\" rel=\"noopener\" data-start=\"1041\" data-end=\"1063\">support@oneclicktv.net<\/a><\/p>\n<\/li>\n<\/ul>\n<p data-start=\"1067\" data-end=\"1152\">Unser Team wird Ihre Anfrage innerhalb von 24-48 Stunden nach Erhalt Ihrer Nachricht bearbeiten.<\/p>\n<h3 data-start=\"1154\" data-end=\"1175\"><strong data-start=\"1158\" data-end=\"1175\">Erstattungsmethode<\/strong><\/h3>\n<p data-start=\"1176\" data-end=\"1290\">Erstattungen werden ausgestellt durch <strong data-start=\"1203\" data-end=\"1213\">PayPal<\/strong> oder <strong data-start=\"1217\" data-end=\"1244\">Kryptow\u00e4hrung (Krypto)<\/strong>.<\/p>\n<h3 data-start=\"1292\" data-end=\"1311\"><strong data-start=\"1296\" data-end=\"1311\">Unser Versprechen<\/strong><\/h3>\n<p data-start=\"1312\" data-end=\"1506\">Wenn Sie aus irgendeinem Grund mit dem Service nicht zufrieden sind, haben Sie das Recht, eine R\u00fcckerstattung zu verlangen <strong data-start=\"1404\" data-end=\"1454\">jederzeit innerhalb der geltenden Garantiezeit<\/strong> - <strong data-start=\"1457\" data-end=\"1504\">kein \u00c4rger, kein Risiko und keine Fragen.<\/strong><\/p>\t\t\t\t\t\t<\/div>\n\t\t\t\t<\/div>\n\t\t\t\t\t<\/div>\n\t\t\t\t<\/div>\n\t\t\t\t<\/div>","protected":false},"excerpt":{"rendered":"<p>Bei OneClickTV legen wir gro\u00dfen Wert auf Ihre Zufriedenheit und bem\u00fchen uns, Ihnen das bestm\u00f6gliche Streaming-Erlebnis zu bieten. Sollten Sie jedoch aus irgendeinem Grund mit Ihrem Abonnement nicht zufrieden sein, bieten wir Ihnen eine klare und einfache R\u00fcckerstattungsregelung - kein \u00c4rger, kein Risiko. Geld-zur\u00fcck-Garantiezeitr\u00e4ume 1-Monats- und 3-Monats-Pakete: Sie haben Anspruch auf eine 7-t\u00e4gige Geld-zur\u00fcck-Garantie ab [...]<\/p>","protected":false},"author":3,"featured_media":0,"parent":0,"menu_order":0,"comment_status":"closed","ping_status":"closed","template":"","meta":{"footnotes":""},"class_list":["post-482","page","type-page","status-publish","hentry"],"rttpg_featured_image_url":null,"rttpg_author":{"display_name":"oualidhamidi","author_link":"https:\/\/iptvnew.coworkcodesign.com\/iptvanbieter\/author\/oualidhamidi\/"},"rttpg_comment":0,"rttpg_category":null,"rttpg_excerpt":"At OneClickTV, we value your satisfaction and strive to provide the best streaming experience possible. However, if for any reason you are not fully satisfied with your subscription, we offer a clear and simple refund policy \u2014 no hassle, no risk. Money-Back Guarantee Periods 1-Month and 3-Month Packages: Eligible for a 7-day money-back guarantee from&hellip;","_links":{"self":[{"href":"https:\/\/iptvnew.coworkcodesign.com\/iptvanbieter\/wp-json\/wp\/v2\/pages\/482","targetHints":{"allow":["GET"]}}],"collection":[{"href":"https:\/\/iptvnew.coworkcodesign.com\/iptvanbieter\/wp-json\/wp\/v2\/pages"}],"about":[{"href":"https:\/\/iptvnew.coworkcodesign.com\/iptvanbieter\/wp-json\/wp\/v2\/types\/page"}],"author":[{"embeddable":true,"href":"https:\/\/iptvnew.coworkcodesign.com\/iptvanbieter\/wp-json\/wp\/v2\/users\/3"}],"replies":[{"embeddable":true,"href":"https:\/\/iptvnew.coworkcodesign.com\/iptvanbieter\/wp-json\/wp\/v2\/comments?post=482"}],"version-history":[{"count":10,"href":"https:\/\/iptvnew.coworkcodesign.com\/iptvanbieter\/wp-json\/wp\/v2\/pages\/482\/revisions"}],"predecessor-version":[{"id":4952,"href":"https:\/\/iptvnew.coworkcodesign.com\/iptvanbieter\/wp-json\/wp\/v2\/pages\/482\/revisions\/4952"}],"wp:attachment":[{"href":"https:\/\/iptvnew.coworkcodesign.com\/iptvanbieter\/wp-json\/wp\/v2\/media?parent=482"}],"curies":[{"name":"wp","href":"https:\/\/api.w.org\/{rel}","templated":true}]}}